24 and 12620?
4
What is the greatest common factor of 2230044 and 7221?
249
Calculate the highest common divisor of 712004188 and 6684.
2228
What is the greatest common factor of 15641574 and 143?
13
Calculate the greatest common divisor of 2167040 and 256.
256
What is the greatest common factor of 7712 and 9093653?
241
Calculate the highest common factor of 110 and 13961200.
110
Calculate the highest common divisor of 918 and 173281.
17
What is the highest common divisor of 28215250 and 1000?
250
Calculate the highest common divisor of 2826479 and 436.
109
What is the greatest common factor of 19800 and 753400?
200
What is the greatest common divisor of 456555142 and 38?
38
What is the highest common divisor of 2486 and 185998?
226
Calculate the highest common factor of 3610 and 5374568.
722
Calculate the greatest common divisor of 21119 and 67667.
431
What is the greatest common factor of 3768660 and 98140?
140
Calculate the greatest common factor of 338904 and 64.
8
What is the highest common divisor of 5514 and 216454827?
2757
Calculate the greatest common divisor of 297301635 and 180.
45
What is the highest common divisor of 808 and 506816788?
404
What is the highest common divisor of 83520 and 42282?
522
What is the highest common divisor of 1182 and 320855082?
1182
Calculate the highest common divisor of 146 and 1195813.
73
Calculate the highest common factor of 8880 and 870720.
240
What is the highest common divisor of 1104677 and 266917?
119
Calculate the greatest common divisor of 31 and 5861356.
31
What is the highest common divisor of 143 and 162256146?
13
What is the highest common divisor of 99880 and 233356?
908
Calculate the highest common factor of 37808 and 50320.
272
What is the highest common divisor of 538062396 and 9252?
3084
Calculate the greatest common factor of 6034 and 229250.
14
What is the highest common factor of 5773 and 1466503?
23
Calculate the highest common divisor of 87375 and 344607.
699
Calculate the highest common factor of 17920 and 632064.
256
Calculate the greatest common divisor of 20 and 5229330.
10
Calculate the highest common factor of 451 and 5160342.
451
Calculate the highest common divisor of 6444 and 2218168.
716
What is the greatest common divisor of 383114108 and 1326?
442
What is the highest common factor of 34116132 and 32160?
804
What is the highest common divisor of 43050 and 345302?
82
Calculate the greatest common factor of 13740794 and 5202.
578
Calculate the highest common divisor of 1537101573 and 3423.
3423
Calculate the highest common factor of 5199 and 21530792.
1733
What is the greatest common divisor of 285564 and 304644?
636
What is the highest common divisor of 33216521 and 949?
13
What is the highest common factor of 45 and 815007?
3
What is the greatest common divisor of 977525 and 663985?
305
Calculate the greatest common divisor of 24192 and 7137792.
1152
Calculate the highest common factor of 1031450 and 82600.
350
What is the highest common factor of 1058 and 434246049?
529
Calculate the greatest common factor of 484 and 708746368.
484
What is the greatest common divisor of 979732 and 109187?
2951
What is the greatest common divisor of 3078012 and 168?
84
Calculate the highest common factor of 3307918500 and 225.
225
Calculate the highest common factor of 68208 and 32144.
784
What is the highest common factor of 2981 and 891?
11
Calculate the greatest common factor of 91058909 and 1583.
1583
What is the greatest common factor of 516763 and 143?
13
Calculate the greatest common divisor of 8252 and 3044550644.
8252
Calculate the greatest common divisor of 238999 and 19303.
199
Calculate the highest common factor of 4488225 and 166.
83
Calculate the greatest common factor of 55071 and 35237.
211
What is the greatest common factor of 10 and 191992640?
10
What is the greatest common factor of 3874131 and 18?
9
What is the highest common divisor of 20310 and 750?
30
What is the greatest common divisor of 47754382 and 2158?
2158
Calculate the highest common factor of 3990 and 5378235.
285
Calculate the greatest common factor of 96609491 and 1947.
649
Calculate the greatest common factor of 748 and 4738648.
68
What is the highest common divisor of 58547346 and 181?
181
Calculate the greatest common factor of 270 and 131451714.
54
What is the highest common factor of 1270 and 14870?
10
Calculate the highest common factor of 895898 and 628840.
398
Calculate the highest common divisor of 26 and 6138886.
26
What is the highest common factor of 112 and 936173?
7
What is the highest common divisor of 1055096 and 364?
28
What is the greatest common factor of 381 and 9731756?
127
Calculate the highest common divisor of 269521 and 425201.
973
Calculate the greatest common divisor of 1000 and 5917352.
8
Calculate the highest common factor of 3778775 and 146575.
3575
What is the highest common factor of 370 and 1976614?
74
What is the highest common divisor of 18840 and 58584?
24
Calculate the highest common divisor of 39698281 and 833.
833
Calculate the highest common divisor of 1953212534 and 182.
182
Calculate the highest common factor of 488199 and 166263.
1059
Calculate the greatest common divisor of 3922 and 28620.
106
Calculate the greatest common factor of 1221 and 39778959.
1221
What is the highest common divisor of 20953835 and 105?
35
Calculate the greatest common divisor of 132029805 and 3.
3
Calculate the greatest common factor of 15268044 and 1692.
564
What is the greatest common divisor of 41162 and 48758260?
3742
What is the greatest common factor of 3632 and 194816?
16
What is the highest common factor of 78683 and 250666?
311
Calculate the greatest common divisor of 59387460 and 201.
201
What is the greatest common divisor of 4582 and 69774?
58
Calculate the greatest common factor of 62 and 2445938.
2
What is the highest common divisor of 15664872 and 1136?
568
Calculate the highest common divisor of 2196390763 and 29038.
14519
Calculate the highest common factor of 478665 and 29205.
495
Calculate the greatest common factor of 2538 and 229347639.
1269
What is the highest common factor of 974980 and 9280?
580
Calculate the highest common divisor of 750480 and 39750.
1590
Calculate the highest common factor of 1100 and 403975.
275
What is the greatest common factor of 4981582 and 158?
158
What is the highest common divisor of 702351 and 58725?
2349
What is the greatest common divisor of 130 and 2526260?
10
Calculate the greatest common divisor of 6 and 5073099.
3
What is the greatest common divisor of 3618 and 34813800?
54
Calculate the highest common factor of 8650442 and 26874.
2986
What is the greatest common divisor of 405720 and 37720?
920
What is the greatest common factor of 1212 and 8106?
6
Calculate the greatest common divisor of 10 and 64757710.
10
Calculate the greatest common factor of 263811 and 96303.
141
What is the highest common divisor of 11241 and 67178714?
1249
What is the greatest common divisor of 374 and 141966847?
187
Calculate the greatest common divisor of 3732136 and 1584.
8
Calculate the greatest common factor of 113778 and 135891.
189
What is the highest common factor of 24386 and 219200?
274
Calculate the greatest common factor of 1003744 and 2968.
56
Calculate the highest common divisor of 52233856 and 7040.
128
Calculate the highest common factor of 1740 and 13200720.
60
What is the highest common factor of 21 and 1434300?
21
Calculate the greatest common factor of 70 and 305406430.
70
Calculate the greatest common factor of 12937 and 1107856.
17
Calculate the greatest common factor of 8 and 21350792.
8
What is the highest common factor of 2605305 and 213?
3
Calculate the highest common divisor of 8254875 and 274875.
375
What is the highest common divisor of 788 and 1595306?
394
Calculate the greatest common divisor of 530 and 15207131.
53
What is the greatest common factor of 1110598 and 1202928?
2638
Calculate the greatest common divisor of 28350 and 125370.
630
Calculate the highest common factor of 143667 and 216909.
2817
What is the highest common divisor of 8 and 20467352?
8
What is the greatest common factor of 119 and 3079176?
17
Calculate the highest common divisor of 209322 and 2215124.
802
What is the greatest common factor of